{"id":1836,"date":"2018-07-14T16:11:40","date_gmt":"2018-07-14T14:11:40","guid":{"rendered":"https:\/\/dietyelzbiety.pl\/?page_id=1836"},"modified":"2018-11-12T17:04:41","modified_gmt":"2018-11-12T16:04:41","slug":"gorace-dania-jarskie","status":"publish","type":"page","link":"https:\/\/dietyelzbiety.pl\/index.php\/blog-eli\/przepisy\/gorace-dania-jarskie\/","title":{"rendered":"Gor\u0105ce dania &#8211; jarskie"},"content":{"rendered":"<p>Od zawsze gotowa\u0142am obiady, codziennie spo\u017cywamy przynajmniej jeden gor\u0105cy posi\u0142ek. Rewolucja kuchenna, kt\u00f3r\u0105 przeprowadzi\u0142am, tej zasady nie zmieni\u0142a. Zmodyfikowa\u0142am nieco spos\u00f3b dobierania i przyrz\u0105dzania potraw.<br \/>\nZawsze ch\u0119tnie jadali\u015bmy dania jarskie,\u00a0 wszelkiej ma\u015bci pierogi &#8211; ruskie, z kapust\u0105 i grzybami, ze szpinakiem, leniwe, z owocami itp. Nie gardzili\u015bmy tak\u017ce wegetaria\u0144skimi odmianami pizzy i spaghetti &#8211; im wi\u0119cej w nich by\u0142o zapiekanego lub roztopionego \u017c\u00f3\u0142tego sera, tym lepiej. M\u0105\u017c lubi\u0142 tak\u017ce ry\u017c po cyga\u0144sku (z \u017c\u00f3\u0142tym serem i w sosie pomidorowym), kapust\u0119 z grochem, fasolk\u0119 po breto\u0144sku (nawet w wersji bezmi\u0119snej)&#8230;<br \/>\nObecnie dania jarskie podaj\u0119 cz\u0119\u015bciej, przy czym w znacznie wi\u0119kszym stopniu s\u0105 one oparte o warzywa. O wiele rzadziej te\u017c jemy pierogi i pizz\u0119, za\u015b zapiekany \u017c\u00f3\u0142ty ser ca\u0142kowicie odszed\u0142 w niepami\u0119\u0107&#8230;<br \/>\nPoni\u017cej podaj\u0119 kilka sposob\u00f3w przyrz\u0105dzania da\u0144, kt\u00f3re pomog\u0142y nam schudn\u0105\u0107 i &#8211; co najwa\u017cniejsze nadal pozwalaj\u0105 utrzymywa\u0107 w ryzach wag\u0119.<\/p>\n\n<table id=\"tablepress-17\" class=\"tablepress tablepress-id-17\">\n<tbody class=\"row-hover\">\n<tr class=\"row-1 odd\">\n\t<td class=\"column-1\"><img loading=\"lazy\" decoding=\"async\" src=\"https:\/\/dietyelzbiety.pl\/wp-content\/uploads\/2018\/07\/leczo1a._miniatura.png\" alt=\"\" width=\"78\" height=\"75\" class=\"aligncenter size-full wp-image-1845\" \/><\/td><td class=\"column-2\"><a href=\"https:\/\/dietyelzbiety.pl\/index.php\/2018\/07\/14\/leczo-paprykowo-cukiniowe\/\">Leczo paprykowo - cukiniowe<\/a><\/td><td class=\"column-3\"><img loading=\"lazy\" decoding=\"async\" src=\"https:\/\/dietyelzbiety.pl\/wp-content\/uploads\/2018\/07\/garnek1a1blog_miniatura.png\" alt=\"\" width=\"78\" height=\"75\" class=\"aligncenter size-full wp-image-1872\" \/><\/td><td class=\"column-4\"><a href=\"https:\/\/dietyelzbiety.pl\/index.php\/2018\/07\/16\/gliniany-garnek-peczak-z-warzywami\/\">Gliniany Garnek - p\u0119czak z warzywami<\/a><\/td>\n<\/tr>\n<tr class=\"row-2 even\">\n\t<td class=\"column-1\"><\/td><td class=\"column-2\"><\/td><td class=\"column-3\"><\/td><td class=\"column-4\"><\/td>\n<\/tr>\n<tr class=\"row-3 odd\">\n\t<td class=\"column-1\"><\/td><td class=\"column-2\"><\/td><td class=\"column-3\"><\/td><td class=\"column-4\"><\/td>\n<\/tr>\n<tr class=\"row-4 even\">\n\t<td class=\"column-1\"><\/td><td class=\"column-2\"><\/td><td class=\"column-3\"><\/td><td class=\"column-4\"><\/td>\n<\/tr>\n<tr class=\"row-5 odd\">\n\t<td class=\"column-1\"><\/td><td class=\"column-2\"><\/td><td class=\"column-3\"><\/td><td class=\"column-4\"><\/td>\n<\/tr>\n<\/tbody>\n<\/table>\n<!-- #tablepress-17 from cache -->\n","protected":false},"excerpt":{"rendered":"<p>Od zawsze gotowa\u0142am obiady, codziennie spo\u017cywamy przynajmniej jeden gor\u0105cy posi\u0142ek. Rewolucja kuchenna, kt\u00f3r\u0105 przeprowadzi\u0142am, tej zasady nie zmieni\u0142a. Zmodyfikowa\u0142am nieco spos\u00f3b dobierania i przyrz\u0105dzania potraw. Zawsze ch\u0119tnie jadali\u015bmy dania jarskie,\u00a0 wszelkiej ma\u015bci pierogi &#8211; ruskie, z kapust\u0105 i grzybami, ze szpinakiem, leniwe, z owocami itp. Nie gardzili\u015bmy tak\u017ce wegetaria\u0144skimi odmianami pizzy i spaghetti &#8211; im &hellip; <\/p>\n<p class=\"link-more\"><a href=\"https:\/\/dietyelzbiety.pl\/index.php\/blog-eli\/przepisy\/gorace-dania-jarskie\/\" class=\"more-link\">Czytaj dalej<span class=\"screen-reader-text\"> \u201eGor\u0105ce dania &#8211; jarskie\u201d<\/span><\/a><\/p>\n","protected":false},"author":1,"featured_media":1844,"parent":1194,"menu_order":3,"comment_status":"closed","ping_status":"closed","template":"","meta":{"_mi_skip_tracking":false,"_exactmetrics_sitenote_active":false,"_exactmetrics_sitenote_note":"","_exactmetrics_sitenote_category":0,"footnotes":""},"_links":{"self":[{"href":"https:\/\/dietyelzbiety.pl\/index.php\/wp-json\/wp\/v2\/pages\/1836"}],"collection":[{"href":"https:\/\/dietyelzbiety.pl\/index.php\/wp-json\/wp\/v2\/pages"}],"about":[{"href":"https:\/\/dietyelzbiety.pl\/index.php\/wp-json\/wp\/v2\/types\/page"}],"author":[{"embeddable":true,"href":"https:\/\/dietyelzbiety.pl\/index.php\/wp-json\/wp\/v2\/users\/1"}],"replies":[{"embeddable":true,"href":"https:\/\/dietyelzbiety.pl\/index.php\/wp-json\/wp\/v2\/comments?post=1836"}],"version-history":[{"count":6,"href":"https:\/\/dietyelzbiety.pl\/index.php\/wp-json\/wp\/v2\/pages\/1836\/revisions"}],"predecessor-version":[{"id":2500,"href":"https:\/\/dietyelzbiety.pl\/index.php\/wp-json\/wp\/v2\/pages\/1836\/revisions\/2500"}],"up":[{"embeddable":true,"href":"https:\/\/dietyelzbiety.pl\/index.php\/wp-json\/wp\/v2\/pages\/1194"}],"wp:featuredmedia":[{"embeddable":true,"href":"https:\/\/dietyelzbiety.pl\/index.php\/wp-json\/wp\/v2\/media\/1844"}],"wp:attachment":[{"href":"https:\/\/dietyelzbiety.pl\/index.php\/wp-json\/wp\/v2\/media?parent=1836"}],"curies":[{"name":"wp","href":"https:\/\/api.w.org\/{rel}","templated":true}]}}